 of 4254087?
3, 823, 1723
List the prime factors of 1488747.
3, 13, 59, 647
What are the prime factors of 1292218?
2, 47, 59, 233
List the prime factors of 3338154.
2, 3, 17, 10909
List the prime factors of 2867459.
7, 53, 59, 131
List the prime factors of 665765.
5, 133153
List the prime factors of 5439088.
2, 339943
What are the prime factors of 4195953?
3, 127, 3671
What are the prime factors of 6359760?
2, 3, 5, 11, 73
List the prime factors of 1198483.
11, 13, 17, 29
What are the prime factors of 452794?
2, 226397
What are the prime factors of 135447?
3, 13, 23, 151
What are the prime factors of 3341785?
5, 23, 29059
What are the prime factors of 2057877?
3, 137, 1669
What are the prime factors of 7622421?
3, 691, 3677
What are the prime factors of 140817?
3, 73, 643
What are the prime factors of 954606?
2, 3, 389, 409
List the prime factors of 16189476.
2, 3, 179, 7537
List the prime factors of 23277.
3, 7759
List the prime factors of 240832.
2, 53, 71
What are the prime factors of 130553?
130553
What are the prime factors of 2565632?
2, 5011
List the prime factors of 37983305.
5, 67, 113383
What are the prime factors of 16478637?
3, 7, 784697
List the prime factors of 259898.
2, 29, 4481
What are the prime factors of 189233?
11, 17203
What are the prime factors of 6727614?
2, 3, 17, 65957
List the prime factors of 320637.
3, 17, 6287
What are the prime factors of 18706?
2, 47, 199
What are the prime factors of 427380?
2, 3, 5, 17, 419
List the prime factors of 1649501.
7, 61, 3863
List the prime factors of 188462.
2, 17, 23, 241
List the prime factors of 8522595.
3, 5, 189391
What are the prime factors of 8642267?
41, 101, 2087
List the prime factors of 9181673.
31, 296183
What are the prime factors of 152895?
3, 5, 10193
What are the prime factors of 2631969?
3, 292441
What are the prime factors of 246246?
2, 3, 7, 11, 13, 41
List the prime factors of 527343.
3, 175781
List the prime factors of 310372.
2, 31, 2503
What are the prime factors of 7696506?
2, 3, 1282751
List the prime factors of 7860652.
2, 1381, 1423
List the prime factors of 4828650.
2, 3, 5, 32191
What are the prime factors of 2062644?
2, 3, 17, 10111
List the prime factors of 14299.
79, 181
List the prime factors of 5663708.
2, 151, 9377
What are the prime factors of 382176?
2, 3, 1327
What are the prime factors of 7029660?
2, 3, 5, 11, 10651
List the prime factors of 20120934.
2, 3, 1753, 1913
List the prime factors of 5293002.
2, 3, 11, 13, 31, 199
What are the prime factors of 7738305?
3, 5, 515887
What are the prime factors of 250388?
2, 62597
What are the prime factors of 3855784?
2, 19, 25367
List the prime factors of 4261261.
4261261
List the prime factors of 10908815.
5, 17, 128339
List the prime factors of 158429.
158429
What are the prime factors of 4206868?
2, 1051717
What are the prime factors of 2504182?
2, 353, 3547
What are the prime factors of 661698?
2, 3, 36761
What are the prime factors of 2309332?
2, 577333
List the prime factors of 136831.
293, 467
List the prime factors of 169269.
3, 17, 3319
What are the prime factors of 953?
953
List the prime factors of 7883620.
2, 5, 43, 89, 103
What are the prime factors of 823899?
3, 67, 4099
What are the prime factors of 26469401?
7, 89, 42487
What are the prime factors of 166061?
7, 3389
What are the prime factors of 12324971?
29, 157, 2707
What are the prime factors of 243203?
243203
List the prime factors of 668342.
2, 334171
What are the prime factors of 13960?
2, 5, 349
List the prime factors of 16701362.
2, 223, 37447
What are the prime factors of 1021230?
2, 3, 5, 7, 1621
List the prime factors of 129297.
3, 7, 47, 131
List the prime factors of 31841529.
3, 257, 41299
List the prime factors of 256851.
3, 7, 151
List the prime factors of 645492.
2, 3, 53791
What are the prime factors of 99137?
99137
List the prime factors of 10793764.
2, 2698441
List the prime factors of 263712.
2, 3, 41, 67
List the prime factors of 162707.
17, 563
List the prime factors of 785656.
2, 98207
List the prime factors of 2168241.
3, 97, 7451
List the prime factors of 761890.
2, 5, 61, 1249
List the prime factors of 1997779.
7, 40771
What are the prime factors of 357203?
7, 11, 4639
List the prime factors of 7321507.
7321507
What are the prime factors of 5047696?
2, 315481
What are the prime factors of 903896?
2, 7, 16141
List the prime factors of 3721667.
683, 5449
List the prime factors of 2601216.
2, 3, 1129
What are the prime factors of 3012665?
5, 29, 79, 263
What are the prime factors of 1635079?
1635079
List the prime factors of 807261.
3, 7, 13, 2957
List the prime factors of 381667.
11, 13, 17, 157
List the prime factors of 1252646.
2, 626323
List the prime factors of 341794.
2, 29, 71, 83
What are the prime factors of 3422634?
2, 3, 47, 53, 229
List the prime factors of 487814.
2, 191, 1277
What are the prime factors of 19620574?
2, 1303, 7529
What are the prime factors of 23752?
2, 2969
What are the prime factors of 2137559?
103, 20753
List the prime factors of 2056580.
2, 5, 102829
List the prime factors of 137538.
2, 3, 283
List the prime factors of 1240545.
3, 5, 191, 433
What are the prime factors of 69921?
3, 17, 457
What are the prime factors of 259795?
5, 223, 233
What are the prime factors of 20223111?
3, 6741037
List the prime factors of 8892481.
13, 684037
List the prime factors of 25908952.
2, 17, 190507
List the prime factors of 6493280.
2, 5, 40583
List the prime factors of 2026708.
2, 89, 5693
What are the prime factors of 1918180?
2, 5, 11, 8719
List the prime factors of 2288438.
2, 17, 67307
What are the prime factors of 1883237?
1883237
List the prime factors of 286715.
5, 11, 13, 401
What are the prime factors of 1923623?
13, 73, 2027
What are the prime factors of 21790783?
7, 103, 30223
What are the prime factors of 31538186?
2, 2053, 7681
What are the prime factors of 221212?
2, 29, 1907
What are the prime factors of 2684564?
2, 671141
What are the prime factors of 188586?
2, 3, 10477
List the prime factors of 3024952.
2, 7, 19, 2843
List the prime factors of 2678571.
3, 7, 17, 41, 61
List the prime factors of 536429.
23, 83, 281
List the prime factors of 8354618.
2, 4177309
List the prime factors of 1185229.
337, 3517
What are the prime factors of 969129?
3, 7, 15383
What are the prime factors of 424589?
11, 29
What are the prime factors of 4418468?
2, 773, 1429
What are the prime factors of 1426197?
3, 19, 131, 191
List the prime factors of 2366382.
2, 3, 521, 757
What are the prime factors of 1252145?
5, 223, 1123
What are the prime factors of 2385525?
3, 5, 17, 1871
List the prime factors of 15585067.
15585067
What are the prime factors of 13770133?
13, 149, 7109
List the prime factors of 407338.
2, 203669
List the prime factors of 39332002.
2, 929, 21169
List the prime factors of 3501319.
263, 13313
What are the prime factors of 234471?
3, 78157
What are the prime factors of 1251388?
2, 269, 1163
What are the prime factors of 3081159?
3, 38039
List the prime factors of 1473325.
5, 7, 8419
List the prime factors of 18855.
3, 5, 419
List the prime factors of 438607.
13, 33739
What are the prime factors of 3725075?
5, 109, 1367
List the prime factors of 100145.
5, 20029
What are the prime factors of 571459?
7, 81637
List the prime factors of 252866.
2, 126433
List the prime factors of 6810280.
2, 5, 89, 1913
List the prime factors of 659609.
659609
What are the prime factors of 2044797?
3, 421, 1619
What are the prime factors of 97718?
2, 48859
List the prime factors of 417958.
2, 53, 3943
What are the prime factors of 342926?
2, 277, 619
What are the prime factors of 190639?
190639
What are the prime factors of 333382?
2, 7, 23813
List the prime factors of 1889903.
199, 9497
List the prime factors of 11751273.
3, 151, 8647
List the prime factors of 11638006.
2, 5819003
List the prime factors of 1093033.
1093033
List the prime factors of 6943704.
2, 3, 349, 829
List the prime factors of 242925.
3, 5, 41, 79
List the prime factors of 11245768.
2, 1405721
List the prime factors of 241131.
3, 11, 7307
List the prime factors of 12457.
12457
What are the prime factors of 13004848?
2, 487, 1669
List the prime factors of 11536767.
3, 11, 116533
List the prime factors of 5658877.
7, 433, 1867
